{"id":113,"date":"2018-09-06T16:32:31","date_gmt":"2018-09-06T16:32:31","guid":{"rendered":"http:\/\/lateam-lieto.fi\/?page_id=113"},"modified":"2025-06-02T15:03:34","modified_gmt":"2025-06-02T12:03:34","slug":"johtokunta","status":"publish","type":"page","link":"https:\/\/lateam.fi\/?page_id=113","title":{"rendered":"Johtokunta"},"content":{"rendered":"<p><strong>Johtokunta 2025<br \/>\n<\/strong><\/p>\n<p><strong>PUHEENJOHTAJA <\/strong><\/p>\n<p><strong>Teija Saastamoinen<\/strong><br \/>\np. 040 754 0164<\/p>\n<p><strong>JOHTOKUNTA<\/strong><\/p>\n<p>Heidi Lammela<\/p>\n<p>Janna Alimattila<\/p>\n<p>Tiina Sarkiola<\/p>\n<p>Minna Marjamaa<\/p>\n<p>Katriina Pulli<\/p>\n<p>Theresia Helenius<\/p>\n<p>Saija Pellinen<\/p>\n<p>Kaarina Lala<\/p>\n<p>Varaj\u00e4senet:<\/p>\n<p>Luna Lavonen<\/p>\n<p>Henrik Saastamoinen<\/p>\n<p>Santeri T\u00e4tt\u00e4l\u00e4inen<\/p>\n","protected":false},"excerpt":{"rendered":"<p>Johtokunta 2025 PUHEENJOHTAJA Teija Saastamoinen p. 040 754 0164 JOHTOKUNTA Heidi Lammela Janna Alimattila Tiina Sarkiola Minna Marjamaa Katriina Pulli Theresia Helenius Saija Pellinen Kaarina Lala Varaj\u00e4senet: Luna Lavonen Henrik Saastamoinen Santeri T\u00e4tt\u00e4l\u00e4inen<\/p>\n","protected":false},"author":3,"featured_media":0,"parent":48,"menu_order":2,"comment_status":"closed","ping_status":"closed","template":"","meta":{"footnotes":""},"class_list":["post-113","page","type-page","status-publish","hentry"],"_links":{"self":[{"href":"https:\/\/lateam.fi\/index.php?rest_route=\/wp\/v2\/pages\/113","targetHints":{"allow":["GET"]}}],"collection":[{"href":"https:\/\/lateam.fi\/index.php?rest_route=\/wp\/v2\/pages"}],"about":[{"href":"https:\/\/lateam.fi\/index.php?rest_route=\/wp\/v2\/types\/page"}],"author":[{"embeddable":true,"href":"https:\/\/lateam.fi\/index.php?rest_route=\/wp\/v2\/users\/3"}],"replies":[{"embeddable":true,"href":"https:\/\/lateam.fi\/index.php?rest_route=%2Fwp%2Fv2%2Fcomments&post=113"}],"version-history":[{"count":15,"href":"https:\/\/lateam.fi\/index.php?rest_route=\/wp\/v2\/pages\/113\/revisions"}],"predecessor-version":[{"id":2302,"href":"https:\/\/lateam.fi\/index.php?rest_route=\/wp\/v2\/pages\/113\/revisions\/2302"}],"up":[{"embeddable":true,"href":"https:\/\/lateam.fi\/index.php?rest_route=\/wp\/v2\/pages\/48"}],"wp:attachment":[{"href":"https:\/\/lateam.fi\/index.php?rest_route=%2Fwp%2Fv2%2Fmedia&parent=113"}],"curies":[{"name":"wp","href":"https:\/\/api.w.org\/{rel}","templated":true}]}}