{"id":2033,"date":"2023-06-14T09:01:18","date_gmt":"2023-06-14T06:01:18","guid":{"rendered":"https:\/\/lateam.fi\/?page_id=2033"},"modified":"2025-06-02T14:45:32","modified_gmt":"2025-06-02T11:45:32","slug":"practise","status":"publish","type":"page","link":"https:\/\/lateam.fi\/?page_id=2033","title":{"rendered":"Practise"},"content":{"rendered":"\n<p>Kilpailuharjoitus eli practise (pr\u00e4k\u00e4) on avoin kilpailunomainen harjoitus, jossa pyrit\u00e4\u00e4n tanssimaan<br>mahdollisimman samantasoinen suoritus kuin kilpailuissa. P\u00e4\u00e4paino on tanssimisessa, omien koreografioiden harjoittelemisessa.<\/p>\n\n\n\n<p>T\u00e4ss\u00e4 harjoituksessa on tavoitteena:<\/p>\n\n\n\n<ul class=\"wp-block-list\">\n<li>Saada kisarutiinia kaikkiin tansseihin<\/li>\n\n\n\n<li>saada kest\u00e4vyytt\u00e4<\/li>\n\n\n\n<li>suoritusvarmuutta<\/li>\n\n\n\n<li>tanssia yhdess\u00e4 eri tasoisten tanssijoiden kanssa<\/li>\n\n\n\n<li>oppia v\u00e4ist\u00e4m\u00e4\u00e4n muita pareja lattialla<\/li>\n<\/ul>\n\n\n\n<p>Mukaan voi tulla heti kun omat koreografiat ovat valmiita. <\/p>\n","protected":false},"excerpt":{"rendered":"<p>Kilpailuharjoitus eli practise (pr\u00e4k\u00e4) on avoin kilpailunomainen harjoitus, jossa pyrit\u00e4\u00e4n tanssimaanmahdollisimman samantasoinen suoritus kuin kilpailuissa. P\u00e4\u00e4paino on tanssimisessa, omien koreografioiden harjoittelemisessa. T\u00e4ss\u00e4 harjoituksessa on tavoitteena: Mukaan voi tulla heti kun omat koreografiat ovat valmiita.<\/p>\n","protected":false},"author":3,"featured_media":0,"parent":0,"menu_order":0,"comment_status":"closed","ping_status":"closed","template":"","meta":{"footnotes":""},"class_list":["post-2033","page","type-page","status-publish","hentry"],"_links":{"self":[{"href":"https:\/\/lateam.fi\/index.php?rest_route=\/wp\/v2\/pages\/2033","targetHints":{"allow":["GET"]}}],"collection":[{"href":"https:\/\/lateam.fi\/index.php?rest_route=\/wp\/v2\/pages"}],"about":[{"href":"https:\/\/lateam.fi\/index.php?rest_route=\/wp\/v2\/types\/page"}],"author":[{"embeddable":true,"href":"https:\/\/lateam.fi\/index.php?rest_route=\/wp\/v2\/users\/3"}],"replies":[{"embeddable":true,"href":"https:\/\/lateam.fi\/index.php?rest_route=%2Fwp%2Fv2%2Fcomments&post=2033"}],"version-history":[{"count":4,"href":"https:\/\/lateam.fi\/index.php?rest_route=\/wp\/v2\/pages\/2033\/revisions"}],"predecessor-version":[{"id":2298,"href":"https:\/\/lateam.fi\/index.php?rest_route=\/wp\/v2\/pages\/2033\/revisions\/2298"}],"wp:attachment":[{"href":"https:\/\/lateam.fi\/index.php?rest_route=%2Fwp%2Fv2%2Fmedia&parent=2033"}],"curies":[{"name":"wp","href":"https:\/\/api.w.org\/{rel}","templated":true}]}}